{"id":24,"date":"2019-08-08T12:16:37","date_gmt":"2019-08-08T12:16:37","guid":{"rendered":"http:\/\/urologe-in-rosenheim.de\/?page_id=24"},"modified":"2019-08-08T12:19:10","modified_gmt":"2019-08-08T12:19:10","slug":"aerztliche-leitung","status":"publish","type":"page","link":"http:\/\/urologe-in-rosenheim.de\/?page_id=24","title":{"rendered":"\u00c4rztliche Leitung"},"content":{"rendered":"\n<p><strong>Dr. med. Gregor M\u00f6bs&nbsp;<\/strong><\/p>\n\n\n\n<figure class=\"wp-block-image is-resized\"><img loading=\"lazy\" decoding=\"async\" src=\"http:\/\/urologe-in-rosenheim.de\/wp-content\/uploads\/praxis-dr-moebs-005-660x1024.jpg\" alt=\"\" class=\"wp-image-13\" width=\"495\" height=\"768\" srcset=\"http:\/\/urologe-in-rosenheim.de\/wp-content\/uploads\/praxis-dr-moebs-005-660x1024.jpg 660w, http:\/\/urologe-in-rosenheim.de\/wp-content\/uploads\/praxis-dr-moebs-005-194x300.jpg 194w, http:\/\/urologe-in-rosenheim.de\/wp-content\/uploads\/praxis-dr-moebs-005-768x1191.jpg 768w, http:\/\/urologe-in-rosenheim.de\/wp-content\/uploads\/praxis-dr-moebs-005.jpg 774w\" sizes=\"(max-width: 495px) 100vw, 495px\" \/><\/figure>\n\n\n\n<ul><li>geboren in Frankfurt am Main<\/li><li>Studium der Human-Medizin an der Ludwig-Maximilians-Universit\u00e4t (LMU)<\/li><li>Chirurgische Ausbildung in der Kinderchirurgischen Abteilung des St\u00e4dtischen Klinikums M\u00fcnchen-Schwabing (Technische Universit\u00e4t M\u00fcnchen) und in der Abteilung f\u00fcr Transplantations-Chirurgie im Klinikum Gro\u00dfhadern der Universit\u00e4t M\u00fcnchen (LMU)<\/li><li>Ausbildung zum Facharzt f\u00fcr Urologie in der Urologischen Universit\u00e4tsklinik im Klinikum Gro\u00dfhadern der LMU M\u00fcnchen  (Leitung Professor Dr. med. Dr. med. mult. A.G. Hofstetter)<\/li><li>Promotion: \u201e Die Bedeutung des PSA-Quotienten zur Differenzierung zwischen Prostata-Karzinom und benigner Prostata-Hyperplasie, untersucht anhand von Routine-Patienten der Urologischen Klinik und Poliklinik der Universit\u00e4t M\u00fcnchen.\u201c<\/li><li>An der Urologischen Klinik der Universit\u00e4t M\u00fcnchen im Klinikum Gro\u00dfhadern bei Herrn Professor Dr. med. Nikolaus Schmeller, inzwischen seit 2001 Primarius f\u00fcr Urologie in Salzburg<\/li><li>Mitarbeiter an dem Buch \u201eDer Beckenboden- Funktion, Anpassung und Therapie\u201c (Elsevier)<\/li><li>Seit 2003 niedergelassener Facharzt f\u00fcr Urologie in Rosenheim<\/li><li>Inhaber der Fachkunde im Strahlenschutz nach der Richtlinie Strahlenschutz in der Medizin<\/li><li>Inhaber der Zusatzbezeichnung: Andrologie<\/li><li>Inhaber der Zusatzbezeichnung: Medikament\u00f6se Tumor-Therapie<\/li><\/ul>\n\n\n\n<p><strong>Kooperationen<\/strong><\/p>\n\n\n\n<ul><li>Kooperations-Partner der Urologischen Klinik M\u00fcnchen-Planegg, <\/li><li>der Urologischen Klinik im Klinikum Gro\u00dfhadern der LMU M\u00fcnchen, <\/li><li>der Urologischen Klinik des Klinikums Rechts der Isar der TU M\u00fcnchen, <\/li><li>der Urologischen Abteilung des St\u00e4dtischen Klinkums Rosenheim, <\/li><li>der Urologischen Abteilung des Krankenhauses der Barmherzigen Br\u00fcder in Salzburg<\/li><li>Kooperations-Partner der PREFERE-Studie (pr\u00e4ferenzbasierte randomisierte Studie zur Evaluation der Behandlungs-Modalit\u00e4ten beim Prostata-Karzinom mit niedrigem und fr\u00fchem intermedi\u00e4rem Risiko der Deutschen Krebshilfe)<\/li><li>Kooperations-Partner der Prostata-Selbsthilfegruppe Rosenheim<\/li><\/ul>\n\n\n\n<p><strong>Mitgliedschaften<\/strong><\/p>\n\n\n\n<ul><li>Mitglied der Deutschen Gesellschaft f\u00fcr Urologie<\/li><li>Mitglied im Bund der Deutschen Urologen<\/li><li>Mitglied der Deutschen Gesellschaft f\u00fcr Andrologie<\/li><li>Mitglied der Deutschen Gesellschaft f\u00fcr Haemato-Onkologie<\/li><li>Mitglied in der Deutschen Gesellschaft f\u00fcr Sexual-Medizin<\/li><li>Mitglied in der Gesellschaft f\u00fcr Inkontinenz-Hilfe<\/li><li>Mitglied in der Europ\u00e4ischen Gesellschaft f\u00fcr Urologie<\/li><li>Mitglied im Arbeitskreis Urologische Onkologie<\/li><\/ul>\n","protected":false},"excerpt":{"rendered":"<p>Dr. med. Gregor M\u00f6bs&nbsp; geboren in Frankfurt am Main Studium der Human-Medizin an der Ludwig-Maximilians-Universit\u00e4t (LMU) Chirurgische Ausbildung in der Kinderchirurgischen Abteilung des St\u00e4dtischen Klinikums M\u00fcnchen-Schwabing (Technische Universit\u00e4t M\u00fcnchen) und in der Abteilung f\u00fcr Transplantations-Chirurgie im Klinikum Gro\u00dfhadern der Universit\u00e4t M\u00fcnchen (LMU) Ausbildung zum Facharzt f\u00fcr Urologie in der Urologischen Universit\u00e4tsklinik im Klinikum Gro\u00dfhadern der &hellip; <\/p>\n<p class=\"link-more\"><a href=\"http:\/\/urologe-in-rosenheim.de\/?page_id=24\" class=\"more-link\"><span class=\"screen-reader-text\">\u201e\u00c4rztliche Leitung\u201c<\/span> weiterlesen<\/a><\/p>\n","protected":false},"author":1,"featured_media":0,"parent":0,"menu_order":0,"comment_status":"closed","ping_status":"closed","template":"","meta":{"footnotes":""},"_links":{"self":[{"href":"http:\/\/urologe-in-rosenheim.de\/index.php?rest_route=\/wp\/v2\/pages\/24"}],"collection":[{"href":"http:\/\/urologe-in-rosenheim.de\/index.php?rest_route=\/wp\/v2\/pages"}],"about":[{"href":"http:\/\/urologe-in-rosenheim.de\/index.php?rest_route=\/wp\/v2\/types\/page"}],"author":[{"embeddable":true,"href":"http:\/\/urologe-in-rosenheim.de\/index.php?rest_route=\/wp\/v2\/users\/1"}],"replies":[{"embeddable":true,"href":"http:\/\/urologe-in-rosenheim.de\/index.php?rest_route=%2Fwp%2Fv2%2Fcomments&post=24"}],"version-history":[{"count":3,"href":"http:\/\/urologe-in-rosenheim.de\/index.php?rest_route=\/wp\/v2\/pages\/24\/revisions"}],"predecessor-version":[{"id":28,"href":"http:\/\/urologe-in-rosenheim.de\/index.php?rest_route=\/wp\/v2\/pages\/24\/revisions\/28"}],"wp:attachment":[{"href":"http:\/\/urologe-in-rosenheim.de\/index.php?rest_route=%2Fwp%2Fv2%2Fmedia&parent=24"}],"curies":[{"name":"wp","href":"https:\/\/api.w.org\/{rel}","templated":true}]}}